2) + 4 + (-276)/66. Calculate the greatest common divisor of j and 88.
22
Suppose -n + 17 = -4*l - 4, 0 = -5*n + 5. Let k be (126/l)/((-28)/70). What is the greatest common factor of k and 7?
7
Let k be ((-4)/((-4)/(-15)))/((-3)/6). What is the highest common factor of k and 705?
15
Let g(l) = l**3 + 12*l**2 - 10*l - 46. Let a be g(-12). What is the highest common divisor of a and 740?
74
Suppose 5*j = 2*j + 240. Suppose -4*b - w + 31 = 0, 2*w - 6 = -0. Let v(t) = 2*t + 6. Let c be v(b). Calculate the highest common factor of j and c.
20
Let z = 67 - 59. Suppose 11 = 11*b - 0. Calculate the greatest common factor of b and z.
1
Suppose -3*j = -4*n + 37, n = 4*j - 3 - 4. Let o = n + -18. Let m be (-75)/(-10)*(-2)/o. What is the highest common divisor of m and 9?
3
Let f be (-3 - -4)*(1 - 0). Let c(z) = -z**2 + z. Let g be c(2). Let u = g - -3. What is the greatest common divisor of f and u?
1
Let z(x) = -x**3 + 11*x**2 + 13*x - 14. Let r be z(10). Calculate the greatest common divisor of r and 27.
27
Let y be 9/(-15)*-10*1. Suppose -3*b = 2*j - 168, 3*b - 2 = -14. Suppose 7*l = 12*l - j. What is the greatest common factor of y and l?
6
Suppose -3*w = 0, -3*x - 2*x = -5*w - 15. Let r be 4 - (2 + (3 - 3)). Suppose p - 18 = -3*j, -3*j = -r*j - 3. Calculate the greatest common divisor of p and x.
3
Let x be (11/(-3) + (-4)/(-6))/(-1). Suppose -105 = -4*j - x*b, 6*b = 3*b - 3. Calculate the greatest common factor of j and 162.
27
Let n be 32/((3 + -1)/2). Let a be (-4)/6*(-12)/8. Let q be (48/(-9))/(a/(-3)). What is the highest common divisor of q and n?
16
Let r = 135 - -210. Calculate the highest common divisor of 69 and r.
69
Let a(z) = z**3 + 18*z**2 - 21*z - 6. Let c be a(-19). Suppose -12 = -0*y + y. Let r be (y/(-2))/((-6)/(-4)). Calculate the highest common divisor of r and c.
4
Let u be 2*((-125)/2)/(-5). Let i be 390/u + (-2)/(-5). Let r = 139 - 107. What is the highest common divisor of r and i?
16
Suppose 17*g = 157*g - 7000. What is the highest common divisor of g and 250?
50
Let g(i) = i**2 - 8*i + 16. Let s = -20 + 42. Let u be g(s). What is the greatest common divisor of 36 and u?
36
Let z = 25 + -15. Let d = -39 + 37. Let a(f) = 17*f**2 - f. Let m be a(d). What is the greatest common divisor of z and m?
10
Let u = -17 + 21. Let s be (-2*1)/(u/(-10)). Calculate the greatest common divisor of 45 and s.
5
Let a be 6/3 + 1 + -1. Let x be -1*(3 - 0) + (4 - -14). Let s = 7 + x. What is the highest common divisor of a and s?
2
Let d(k) = 28*k**2 + 4*k + 4. Let b be d(-5). Suppose -5*g - 2*r = -b, -g + 0*r + 4*r = -128. Calculate the greatest common divisor of g and 17.
17
Let u be (3 + (-3 - -3))*-23. Let a be (-4)/(-3) - u/9. Let p be a/((-81)/(-12))*162. What is the highest common divisor of p and 36?
36
Let p be 6/2*(-1)/3. Let l = -50 + 66. Let o = p + l. Calculate the highest common divisor of o and 165.
15
Let c be (40/6)/(1/3). Let v(u) = -u**2 - 5*u + 7. Let p be v(-6). Let i = p - -7. What is the highest common factor of c and i?
4
Let x = 143 + -144. Let c be -4*((-18)/(-27))/(x/21). Calculate the highest common divisor of c and 8.
8
Let p = -335 + 367. Calculate the highest common factor of p and 32.
32
Let o(c) = 0*c + 14 + 5*c - 4*c. Suppose -17 - 3 = -2*w - 5*n, -3*w = -3*n + 12. Let g be o(w). Calculate the greatest common divisor of 14 and g.
14
Suppose 3*g - 3*p - 83 = 25, g + 2*p = 27. Let y = 256 + -124. Calculate the greatest common factor of g and y.
33
Let s = -759 + 1265. What is the greatest common divisor of 110 and s?
22
Let f(w) = w**2 + 4. Let u be f(6). Suppose -v + 3*v - u = 0. Let x(h) = 2*h + 80. Let k be x(-15). What is the highest common divisor of k and v?
10
Let f = 75 - 21. Let z be 17/(34/(-144))*1/(-2). Calculate the highest common factor of z and f.
18
Let x(n) = -n**2 + 6*n - 18. Let a be x(12). Let o be (a/5)/(-1 + 2). Let h = 0 - o. Calculate the greatest common factor of h and 2.
2
Let f = 725 + -585. Let y = 11 + 9. What is the greatest common factor of y and f?
20
Let n = 21 + 33. Let r = n - 32. Let y = -156 - -266. What is the greatest common factor of r and y?
22
Let i(q) = -45*q**3 - 5*q + 4. Let l be i(3). Let w = -714 - l. Let n be 8/(-12) - w/(-12). Calculate the highest common divisor of 105 and n.
21
Let d = -21 + 26. Let y be (46 - (-7 + d)) + 0 + -3. Suppose z = -0*z + 5. Calculate the highest common divisor of y and z.
5
Let k(t) be the second derivative of -t**4/6 - 9*t**3/2 + 7*t**2/2 - 6*t - 4. Let b be k(-9). What is the greatest common factor of 11 and b?
11
Let q(l) = 386*l - 126. Let z be q(2). Calculate the highest common factor of 34 and z.
34
Let v = 32 - 284. Let i be (-2)/(v/(-64) + -4). Calculate the greatest common divisor of 288 and i.
32
Let g(w) = w**3 - 28*w**2 + 114*w + 28. Let b be g(23). What is the greatest common divisor of b and 205?
5
Let w be ((-38)/(-1) + 1)*1/3. Let q be 6*(-2)/4 + w. What is the highest common divisor of q and 30?
10
Suppose g + 4 = 52. Let f be (g/14)/((-6)/(-210)*5). What is the highest common factor of f and 72?
24
Suppose -351 = 16*n - 863. What is the highest common divisor of n and 1184?
32
Let g(d) = 0 + 8*d**3 + 4 - d - 2 - d**2 - 9*d**3. Let l be g(-3). What is the greatest common divisor of l and 69?
23
Let q(w) = 2*w**2 + 0*w**2 - 2 + 16*w**2. Let x be q(-2). Suppose 5*s + 13 - 153 = 0. Calculate the highest common factor of x and s.
14
Let o = 129 + -103. What is the greatest common divisor of o and 91?
13
Suppose 26*u - 28*u - 144 = 0. Let c = u - -94. What is the highest common factor of c and 220?
22
Let j be 6/10 + 864/(-40). Let x = j + 108. Suppose 108 = 4*s + 4*f, 4*s - s = -f + x. What is the greatest common divisor of s and 20?
10
Let i be 13/(78/516) - 2. Calculate the highest common factor of i and 105.
21
Suppose -8*x - 63 = -143. Let w(p) = -p**3 + 3*p**2 + 3*p + 3. Let y be w(4). Let b be 1 - (16 + -2)*y. What is the greatest common divisor of b and x?
5
Let y = 336 + -320. Calculate the highest common factor of 400 and y.
16
Suppose 5*q = 2*q. Let v be q/(6/15*5). Suppose 2*u + 5*m = m + 98, v = -3*u + 3*m + 183. What is the greatest common factor of u and 38?
19
Suppose -9 = -5*a + 81. Let b be 2*-1 - (1 + -7 - 23). What is the greatest common divisor of b and a?
9
Let f(o) = 4*o**3 - o**2 - o + 2. Let w be f(1). Suppose 5*s + 33 = 5*p - p, 5*p - 72 = -w*s. Calculate the highest common divisor of p and 6.
6
Suppose 449 = -4*t + 9*t + 4*w, -5*w = t - 73. Calculate the highest common divisor of 31 and t.
31
Let z = -1 - -37. Let m = 226 + -199. Calculate the greatest common factor of z and m.
9
Let u be (52/(-20))/(2/(-530)). What is the greatest common factor of u and 13?
13
Let k(g) = 3*g - 12. Let a be k(8). Let i = a - 17. Let z = i - -7. What is the highest common divisor of 14 and z?
2
Let t(k) = k**3 - 15*k**2 + 54*k - 40. Let a be t(12). Calculate the highest common divisor of a and 48.
16
Suppose 12 = 7*r - 2. Let d(w) = 3*w + 6. Let u be d(r). Let x(s) = 2*s - 2. Let g be x(7). Calculate the greatest common divisor of u and g.
12
Suppose m + 5*m = 138. Suppose 5*a - 12 - m = 0. Calculate the highest common factor of 49 and a.
7
Let k be 163/5 + (-78)/130. Calculate the highest common factor of k and 144.
16
Let s = -47 - -27. Let l = 33 + s. Let v = l + 11. Calculate the highest common divisor of 24 and v.
24
Let m(t) be the first derivative of -t**4/4 - 2*t**3 + 3*t**2 - 3*t + 7. Let o be m(-7). What is the greatest common divisor of o and 44?
4
Suppose 5*q + 2 - 442 = 0. Let a(m) = -2*m**2 + 2*m + 1. Let o be a(6). Let c = q + o. Calculate the highest common factor of c and 174.
29
Suppose 1750 = 5*x - 5*c, c = -5*x - 4*c + 1770. What is the greatest common divisor of 132 and x?
44
Suppose -5*d = 2*p - 65, 60 - 21 = 3*d - 5*p. What is the greatest common factor of d and 104?
13
Let u be (140/(-12))/((-1)/6). Suppose -2*w + 37 = -19. Calculate the greatest common factor of w and u.
14
Let n be ((-20)/60)/((-2)/36). Let a be (84/1)/(-4 - -11 - n). What is the highest common divisor of a and 12?
12
Let x be (-5)/(5/(-21)) + (0 - 4). Suppose -4*l + 4*a = 0, -l = -a - a + 2. Suppose -l*p - p + 561 = 0. What is the highest common divisor of p and x?
17
Let o(r) = r**2 + 27*r - 34. Let f be o(-29). Calc